{"id":107,"date":"2019-08-12T19:27:04","date_gmt":"2019-08-12T22:27:04","guid":{"rendered":"http:\/\/eduardomurad.com.br\/?page_id=107"},"modified":"2019-09-02T13:44:20","modified_gmt":"2019-09-02T16:44:20","slug":"um-breve-curriculo","status":"publish","type":"page","link":"https:\/\/www.eduardomurad.com.br\/index.php\/um-breve-curriculo\/","title":{"rendered":""},"content":{"rendered":"\n<div class=\"wp-block-image\"><figure class=\"alignright\"><img loading=\"lazy\" decoding=\"async\" width=\"200\" height=\"286\" src=\"http:\/\/eduardomurad.com.br\/wp-content\/uploads\/2019\/03\/Captura-de-Tela-7-e1553782434645.png\" alt=\"\" class=\"wp-image-61\"\/><\/figure><\/div>\n\n\n\n<h2 class=\"wp-block-heading\">Eduardo Murad<\/h2>\n\n\n\n<h3 class=\"wp-block-heading\"><strong>Um breve curr\u00edculo<\/strong><\/h3>\n\n\n\n<p>Doutor em Comunica\u00e7\u00e3o (ECA\/USP), Mestre em comunica\u00e7\u00e3o (ECO\/UFRJ). MBA em Marketing (ESPM), onde foi professor e coordenador de p\u00f3s-gradua\u00e7\u00e3o, Publicit\u00e1rio (IACS\/UFF). S\u00f3cio Consultor da Org\u00e2nica, em comunica\u00e7\u00e3o, marketing e lideran\u00e7a. Desenvolveu projetos de Team Bulding, Desenvolvimento de Lideran\u00e7as, Comunica\u00e7\u00e3o de Impacto, Comunica\u00e7\u00e3o para Lideran\u00e7a e Negocia\u00e7\u00e3o, bem como projetos de gest\u00e3o de crise e desenvolvimento territorial para empresas como Shell, VALE, Geosoft, DNV, Projac \u2013 Globo\/RJ, Dialog, Petrobras, Andrade Gutierrez, IBGE, Queiroz Galv\u00e3o, Engetec , Oi, Dialog e TOTVS. Professor da UFF e da UERJ. Mentor de empreendedorismo em hackathons e startup Challenge.<\/p>\n\n\n\n<p>&#8211; &#8211; &#8211; &#8211; &#8211; &#8211; &#8211; &#8211; &#8211; &#8211; &#8211; &#8211; &#8211; &#8211; &#8211; &#8211; &#8211; &#8211; &#8211; &#8211; &#8211; &#8211; &#8211; &#8211; &#8211; &#8211; &#8211; &#8211; &#8211;<\/p>\n\n\n\n<p>Forma\u00e7\u00e3o\nAcad\u00eamica<\/p>\n\n\n\n<p>&#8211; Doutor em\nComunica\u00e7\u00e3o \/ USP<\/p>\n\n\n\n<p>&#8211; Mestre em\nComunica\u00e7\u00e3o \/ UFRJ<\/p>\n\n\n\n<p>&#8211; MBA em\nMarketing \/ ESPM-RJ<\/p>\n\n\n\n<p>&#8211; Designer \/\nCTE-Pv<\/p>\n\n\n\n<p>&#8211; Publicit\u00e1rio \/ UF<\/p>\n\n\n\n<p>&#8211; &#8211; &#8211; &#8211; &#8211; &#8211; &#8211; &#8211; &#8211; &#8211; &#8211; &#8211; &#8211; &#8211; &#8211; &#8211; &#8211; &#8211; &#8211; &#8211; &#8211; &#8211; &#8211; &#8211; &#8211; &#8211; &#8211; &#8211; &#8211;<\/p>\n\n\n\n<p>Outras Forma\u00e7\u00f5es<\/p>\n\n\n\n<p>&#8211; Analista DISC<\/p>\n\n\n\n<p>&#8211; Coach: Life, Master, Executive,\nTeam \/ SLAC<\/p>\n\n\n\n<p>&#8211; Mentor \/\nErlich Pessoas &amp; Organiza\u00e7\u00f5es<\/p>\n\n\n\n<p>&#8211; Analista de\nMicro-Express\u00f5es Faciais: Imelco<\/p>\n\n\n\n<p>&#8211; Practitioner\nPNL \u2013 Instituto Daudt<\/p>\n\n\n\n<p>&#8211; &#8211; &#8211; &#8211; &#8211; &#8211; &#8211; &#8211; &#8211; &#8211; &#8211; &#8211; &#8211; &#8211; &#8211; &#8211; &#8211; &#8211; &#8211; &#8211; &#8211; &#8211; &#8211; &#8211; &#8211; &#8211; &#8211; &#8211; &#8211;<\/p>\n\n\n\n<p>Atividades\nProfissionais<\/p>\n\n\n\n<p>&#8211; S\u00f3cio\nConsultor da Org\u00e2nica, Treinamento e desenvolvimento.<\/p>\n\n\n\n<p>&#8211; Consultor associado\nda Ideia Caf\u00e9.<\/p>\n\n\n\n<p>&#8211; Coach de\nexecutivos, times\/equipes, profissionais liberais e artistas.<\/p>\n\n\n\n<p>&#8211; Gestor\nacad\u00eamico \u2013 gradua\u00e7\u00f5es, p\u00f3s-gradua\u00e7\u00f5es, polos educacionais e EAD.<\/p>\n\n\n\n<p>&#8211; Head\nTrainer de executivos, palestrantes, consultores e professores.<\/p>\n\n\n\n<p>&#8211;\nEmpreendedor e mentor de startups.<\/p>\n\n\n\n<p>&#8211; Parecerista\nde revistas e congressos.<\/p>\n\n\n\n<p>&#8211; &#8211; &#8211; &#8211; &#8211; &#8211; &#8211; &#8211; &#8211; &#8211; &#8211; &#8211; &#8211; &#8211; &#8211; &#8211; &#8211; &#8211; &#8211; &#8211; &#8211; &#8211; &#8211; &#8211; &#8211; &#8211; &#8211; &#8211; &#8211;<\/p>\n\n\n\n<p>Livros e cap\u00edtulos<\/p>\n\n\n\n<p>&#8211; BRAND\u00c3O, Ana\nPaula D. L.; MURAD, Eduardo. G. . Sem m\u00e1scaras nem serpentina: o &#8216;carnaval\ncarioca&#8217; de M\u00e1rio de Andrade. In: NOVAES, Aline da Silva; KRAPP, Juliana; LOBO,\nRosana Corr\u00eaa. (Org.). Rio circular: a cidade em pauta. 1ed.Rio de Janeiro:\nAutografia, 2016, v. , p. 23-37.<\/p>\n\n\n\n<p>&#8211; MURAD, Eduardo\nG., FILARDI, Fernando. Negocia\u00e7\u00e3o empresarial. S\u00e3o Paulo: Saraiva, 2014.<\/p>\n\n\n\n<p>&#8211; AMARAL FILHO,\nNem\u00e9zio, MURAD, Eduardo G., BOFF, Emmanoel. Comunica\u00e7\u00e3o Organizacional Verde:\neconomia, marketing ambiental e di\u00e1logo social para a sustentabilidade\ncorporativa. Rio de Janeiro: Edit\u00f3rio, 2013.<\/p>\n\n\n\n<p>&#8211; PEREIRA, C. A.\nM.; MURAD, Eduardo Guerra; COSTA, C. V.; AMBROSIO, V. . <strong>Comunica\u00e7\u00e3o e gest\u00e3o corporativa: di\u00e1logo social para alinhamento de\nexpectativas e articula\u00e7\u00e3o com o territ\u00f3rio produtivo<\/strong>. <em>In<\/em>: Margarida M. Krohling Kunsch. (Org.). Comunica\u00e7\u00e3o organizacional:\nhist\u00f3rico, fundamentos e processos. 1a ed. S\u00e3o Paulo: Saraiva, 2009, v. 1, p.\n293-314.<\/p>\n","protected":false},"excerpt":{"rendered":"<p>Eduardo Murad Um breve curr\u00edculo Doutor em Comunica\u00e7\u00e3o (ECA\/USP), Mestre em comunica\u00e7\u00e3o (ECO\/UFRJ). MBA em Marketing (ESPM), onde foi professor e coordenador de p\u00f3s-gradua\u00e7\u00e3o, Publicit\u00e1rio (IACS\/UFF). S\u00f3cio Consultor da Org\u00e2nica, em comunica\u00e7\u00e3o, marketing e lideran\u00e7a. Desenvolveu projetos de Team Bulding, Desenvolvimento de Lideran\u00e7as, Comunica\u00e7\u00e3o de Impacto, Comunica\u00e7\u00e3o para Lideran\u00e7a e Negocia\u00e7\u00e3o, bem como projetos de gest\u00e3o de crise e desenvolvimento territorial para empresas como Shell, VALE, Geosoft, DNV, Projac \u2013 Globo\/RJ, Dialog, Petrobras, Andrade Gutierrez, IBGE, Queiroz Galv\u00e3o, Engetec ,&hellip;<\/p>\n","protected":false},"author":1,"featured_media":0,"parent":0,"menu_order":0,"comment_status":"closed","ping_status":"closed","template":"","meta":{"footnotes":""},"class_list":["post-107","page","type-page","status-publish","hentry"],"rttpg_featured_image_url":null,"rttpg_author":{"display_name":"admin","author_link":"https:\/\/www.eduardomurad.com.br\/index.php\/author\/eduardomurad\/"},"rttpg_comment":0,"rttpg_category":null,"rttpg_excerpt":"Eduardo Murad Um breve curr\u00edculo Doutor em Comunica\u00e7\u00e3o (ECA\/USP), Mestre em comunica\u00e7\u00e3o (ECO\/UFRJ). MBA em Marketing (ESPM), onde foi professor e coordenador de p\u00f3s-gradua\u00e7\u00e3o, Publicit\u00e1rio (IACS\/UFF). S\u00f3cio Consultor da Org\u00e2nica, em comunica\u00e7\u00e3o, marketing e lideran\u00e7a. Desenvolveu projetos de Team Bulding, Desenvolvimento de Lideran\u00e7as, Comunica\u00e7\u00e3o de Impacto, Comunica\u00e7\u00e3o para Lideran\u00e7a e Negocia\u00e7\u00e3o, bem como projetos de&hellip;","_links":{"self":[{"href":"https:\/\/www.eduardomurad.com.br\/index.php\/wp-json\/wp\/v2\/pages\/107","targetHints":{"allow":["GET"]}}],"collection":[{"href":"https:\/\/www.eduardomurad.com.br\/index.php\/wp-json\/wp\/v2\/pages"}],"about":[{"href":"https:\/\/www.eduardomurad.com.br\/index.php\/wp-json\/wp\/v2\/types\/page"}],"author":[{"embeddable":true,"href":"https:\/\/www.eduardomurad.com.br\/index.php\/wp-json\/wp\/v2\/users\/1"}],"replies":[{"embeddable":true,"href":"https:\/\/www.eduardomurad.com.br\/index.php\/wp-json\/wp\/v2\/comments?post=107"}],"version-history":[{"count":9,"href":"https:\/\/www.eduardomurad.com.br\/index.php\/wp-json\/wp\/v2\/pages\/107\/revisions"}],"predecessor-version":[{"id":2293,"href":"https:\/\/www.eduardomurad.com.br\/index.php\/wp-json\/wp\/v2\/pages\/107\/revisions\/2293"}],"wp:attachment":[{"href":"https:\/\/www.eduardomurad.com.br\/index.php\/wp-json\/wp\/v2\/media?parent=107"}],"curies":[{"name":"wp","href":"https:\/\/api.w.org\/{rel}","templated":true}]}}