{"id":117,"date":"2019-08-20T15:33:13","date_gmt":"2019-08-20T18:33:13","guid":{"rendered":"http:\/\/eduardomurad.com.br\/?page_id=117"},"modified":"2023-05-20T20:26:18","modified_gmt":"2023-05-20T23:26:18","slug":"fastdegrees-comunicacao-de-impacto","status":"publish","type":"page","link":"https:\/\/www.eduardomurad.com.br\/index.php\/cursos-abertos\/fastdegrees-comunicacao-de-impacto\/","title":{"rendered":""},"content":{"rendered":"\n<h2 class=\"wp-block-heading\">PalcoN Planner<\/h2>\n\n\n\n<h4 class=\"wp-block-heading\"><strong>Ideias que comunicam<\/strong><\/h4>\n\n\n\n<p>O medo de falar em p\u00fablico \u00e9 um dos 5 maiores medos da humanidade na atualidade. Para ser um protagonista na vida contempor\u00e2nea, a capacidade de falar em p\u00fablico \u00e9 fundamental.<\/p>\n\n\n\n<p>O curso <strong>PalcoN<\/strong> <strong>Planner<\/strong> desenvolve as compet\u00eancias em t\u00e9cnicas de apresenta\u00e7\u00e3o as tornando impactantes e eficazes. Leva o participante a desenvolver uma narrativa inteligente e criativa, tendo como ponto de partida o objetivo final de sua fala. Trabalha a l\u00f3gica da apresenta\u00e7\u00e3o, de forma estruturada, estrat\u00e9gica e inovadora.<\/p>\n\n\n\n<p>O aluno ter\u00e1 diversas oportunidades para testar suas compet\u00eancias em: planejamento, din\u00e2mica de placo, organiza\u00e7\u00e3o visual do material e intera\u00e7\u00e3o com a plateia. \u00c9 um curso pr\u00e1tico, aplic\u00e1vel a diferentes situa\u00e7\u00f5es de trabalho, acad\u00eamicas e na vida pessoal.<\/p>\n\n\n<div class=\"wp-block-image\">\n<figure class=\"aligncenter size-large\"><img loading=\"lazy\" decoding=\"async\" width=\"453\" height=\"453\" src=\"http:\/\/www.eduardomurad.com.br\/wp-content\/uploads\/2020\/03\/Metodologia.png\" alt=\"\" class=\"wp-image-2419\" srcset=\"https:\/\/www.eduardomurad.com.br\/wp-content\/uploads\/2020\/03\/Metodologia.png 453w, https:\/\/www.eduardomurad.com.br\/wp-content\/uploads\/2020\/03\/Metodologia-300x300.png 300w, https:\/\/www.eduardomurad.com.br\/wp-content\/uploads\/2020\/03\/Metodologia-150x150.png 150w, https:\/\/www.eduardomurad.com.br\/wp-content\/uploads\/2020\/03\/Metodologia-400x400.png 400w\" sizes=\"auto, (max-width: 453px) 100vw, 453px\" \/><figcaption>Metodologia P.a.l.c.o &#8211; N<\/figcaption><\/figure>\n<\/div>\n\n\n<h4 class=\"wp-block-heading\"> Dura\u00e7\u00e3o: 18h<\/h4>\n\n\n\n<p>Mais informa\u00e7\u00f5es e turmas: <a href=\"http:\/\/www.eduardomurad.com.br\/index.php\/cursos-abertos\/apresentacoes-de-impacto-da-ideia-ao-plano-de-apresentacao\/\">clique aqui.<\/a><\/p>\n\n\n\n<p><\/p>\n\n\n\n<h2 class=\"wp-block-heading\">EnCena<\/h2>\n\n\n\n<h4 class=\"wp-block-heading\">Improviso e presen\u00e7a de palco. <\/h4>\n\n\n\n<p>A maioria das vezes em que precisamos expor nossas ideias, \u00e9 de improviso, sem suporte de materiais gr\u00e1ficos, v\u00eddeos ou \u00e1udios. Reuni\u00f5es, feedbacks, entrevistas e debates, intera\u00e7\u00f5es de trabalho e sociais s\u00e3o uma realidade cotidiana. Suas linguagens &#8211; verbal e n\u00e3o verbal &#8211; s\u00e3o fundamentais para gerar interesse e empatia com seus interlocutores. O curso aprofundar\u00e1 seus conhecimentos pr\u00e1ticos em organizar suas ideias a partir de um eixo central, definindo o conte\u00fado a partir dos objetivos e do perfil da plateia. Analisar\u00e1 o ambiente e como o espa\u00e7o f\u00edsico pode lhe ajudar a criar impacto. O aluno, de forma pr\u00e1tica e aplic\u00e1vel em seu dia a dia, aprender\u00e1 a improvisar e gerar impacto em sua audi\u00eancia.<\/p>\n\n\n\n<h4 class=\"wp-block-heading\">Dura\u00e7\u00e3o: 15h<\/h4>\n\n\n\n<p>Mais informa\u00e7\u00f5es e turmas: <a href=\"http:\/\/www.eduardomurad.com.br\/index.php\/cursos-abertos\/narrativas-corporativas-improviso-e-presenca-de-palco\/\">clique aqui<\/a>.<\/p>\n\n\n\n<p><\/p>\n\n\n\n<h2 class=\"wp-block-heading\">3.2.1&#8230;<\/h2>\n\n\n\n<h4 class=\"wp-block-heading\"><em>Elevator &amp; Ignition Pitch<\/em>: s\u00edntese e impacto na venda de ideias em pouco tempo. <\/h4>\n\n\n\n<p>O tempo de aten\u00e7\u00e3o de um executivo, bem como de alunos em sala de aula \u00e9 cada vez menor. Mesmo em reuni\u00f5es ou intera\u00e7\u00f5es sociais, as pessoas preferem hist\u00f3rias curtas a longos relatos. Os <em>Pitchs<\/em> se tornaram o padr\u00e3o em projetos de <em>startups<\/em>, <em>hackathons<\/em> e em reuni\u00f5es gerenciais. O participante ter\u00e1 diversas oportunidades de fazer apresenta\u00e7\u00f5es de 30 seg., 1, 3, 5 a at\u00e9 10 min. Trabalharemos a gest\u00e3o de tempo, a concis\u00e3o e a coes\u00e3o das narrativas.<\/p>\n\n\n\n<h4 class=\"wp-block-heading\">Dura\u00e7\u00e3o: 12h<\/h4>\n\n\n\n<p>Mais informa\u00e7\u00f5es e turmas: <a href=\"http:\/\/www.eduardomurad.com.br\/index.php\/cursos-abertos\/elevator-ignition-pitch-sintese-e-impacto-na-venda-de-ideias-em-pouco-tempo\/\">clique aqui<\/a>.<\/p>\n","protected":false},"excerpt":{"rendered":"<p>PalcoN Planner Ideias que comunicam O medo de falar em p\u00fablico \u00e9 um dos 5 maiores medos da humanidade na atualidade. Para ser um protagonista na vida contempor\u00e2nea, a capacidade de falar em p\u00fablico \u00e9 fundamental. O curso PalcoN Planner desenvolve as compet\u00eancias em t\u00e9cnicas de apresenta\u00e7\u00e3o as tornando impactantes e eficazes. Leva o participante a desenvolver uma narrativa inteligente e criativa, tendo como ponto de partida o objetivo final de sua fala. Trabalha a l\u00f3gica da apresenta\u00e7\u00e3o, de forma&hellip;<\/p>\n","protected":false},"author":1,"featured_media":0,"parent":110,"menu_order":0,"comment_status":"closed","ping_status":"closed","template":"","meta":{"footnotes":""},"class_list":["post-117","page","type-page","status-publish","hentry"],"rttpg_featured_image_url":null,"rttpg_author":{"display_name":"admin","author_link":"https:\/\/www.eduardomurad.com.br\/index.php\/author\/eduardomurad\/"},"rttpg_comment":0,"rttpg_category":null,"rttpg_excerpt":"PalcoN Planner Ideias que comunicam O medo de falar em p\u00fablico \u00e9 um dos 5 maiores medos da humanidade na atualidade. Para ser um protagonista na vida contempor\u00e2nea, a capacidade de falar em p\u00fablico \u00e9 fundamental. O curso PalcoN Planner desenvolve as compet\u00eancias em t\u00e9cnicas de apresenta\u00e7\u00e3o as tornando impactantes e eficazes. Leva o participante&hellip;","_links":{"self":[{"href":"https:\/\/www.eduardomurad.com.br\/index.php\/wp-json\/wp\/v2\/pages\/117","targetHints":{"allow":["GET"]}}],"collection":[{"href":"https:\/\/www.eduardomurad.com.br\/index.php\/wp-json\/wp\/v2\/pages"}],"about":[{"href":"https:\/\/www.eduardomurad.com.br\/index.php\/wp-json\/wp\/v2\/types\/page"}],"author":[{"embeddable":true,"href":"https:\/\/www.eduardomurad.com.br\/index.php\/wp-json\/wp\/v2\/users\/1"}],"replies":[{"embeddable":true,"href":"https:\/\/www.eduardomurad.com.br\/index.php\/wp-json\/wp\/v2\/comments?post=117"}],"version-history":[{"count":26,"href":"https:\/\/www.eduardomurad.com.br\/index.php\/wp-json\/wp\/v2\/pages\/117\/revisions"}],"predecessor-version":[{"id":2583,"href":"https:\/\/www.eduardomurad.com.br\/index.php\/wp-json\/wp\/v2\/pages\/117\/revisions\/2583"}],"up":[{"embeddable":true,"href":"https:\/\/www.eduardomurad.com.br\/index.php\/wp-json\/wp\/v2\/pages\/110"}],"wp:attachment":[{"href":"https:\/\/www.eduardomurad.com.br\/index.php\/wp-json\/wp\/v2\/media?parent=117"}],"curies":[{"name":"wp","href":"https:\/\/api.w.org\/{rel}","templated":true}]}}