{"id":125,"date":"2019-08-27T00:00:09","date_gmt":"2019-08-27T03:00:09","guid":{"rendered":"http:\/\/eduardomurad.com.br\/?page_id=125"},"modified":"2019-09-09T00:51:59","modified_gmt":"2019-09-09T03:51:59","slug":"fastdegrees-negociacoes-eficazes","status":"publish","type":"page","link":"https:\/\/www.eduardomurad.com.br\/index.php\/cursos-abertos\/fastdegrees-negociacoes-eficazes\/","title":{"rendered":""},"content":{"rendered":"\n<h2 class=\"wp-block-heading\">Fastdegrees | Negocia\u00e7\u00f5es Eficazes<\/h2>\n\n\n\n<h3 class=\"wp-block-heading\">Negocia\u00e7\u00f5es Eficazes I: do planejamento ao acordo<\/h3>\n\n\n\n<p>Negociamos diariamente, seja na vida pessoal, na compra e venda de algo ou em projetos dentro da empresa em que se trabalha. O curso \u201cNegocia\u00e7\u00f5es Eficazes I: do planejamento ao acordo\u201d, permite ao aluno desenvolver suas compet\u00eancias de: argumenta\u00e7\u00e3o, an\u00e1lise contextual, determina\u00e7\u00e3o de objetivos negociais, identifica\u00e7\u00e3o de m\u00e1ximos e m\u00ednimos, an\u00e1lise do perfil de seu oponente, como lidar com obje\u00e7\u00f5es e chegar ao acordo final. Saber negociar \u00e9 uma habilidade buscada em l\u00edderes, empreendedores, profissionais liberais e consultores. \u00c9 um <em>soft skill<\/em> indispens\u00e1vel para o profissional do futuro. \u00c9 um curso pr\u00e1tico, com forte embasamento t\u00e9cnico e ferramentas aplic\u00e1veis no cotidiano do aluno.<\/p>\n\n\n\n<h4 class=\"wp-block-heading\">Dura\u00e7\u00e3o: 24h<\/h4>\n\n\n\n<p><strong>Mais informa\u00e7\u00f5es e turmas: <a href=\"http:\/\/www.eduardomurad.com.br\/index.php\/cursos-abertos\/negociacoes-eficazes-i-do-planejamento-ao-acordo\/\">clique aqui.<\/a><\/strong><\/p>\n\n\n\n<p><\/p>\n\n\n\n<h3 class=\"wp-block-heading\">Negocia\u00e7\u00e3o Eficazes II: negociando em ambientes de conflito<\/h3>\n\n\n\n<p>O dia a dia do ambiente organizacional\n\u00e9 permeado por conflitos. Saber lidar com diferentes perfis, interesses e\nculturas permite \u00e0 organiza\u00e7\u00e3o ter alto desempenho. Os conflitos podem se dar\npor motivos objetivos ou subjetivos, por mudan\u00e7as na cultura organizacional, no\nmercado de atua\u00e7\u00e3o ou nas estrat\u00e9gias corporativas. A lideran\u00e7a de alto\ndesempenho precisa negociar tais conflitos e extrair bons resultados. O curso\nfoi montado para apresentar os conceitos, t\u00e9cnicas e ferramentas de negocia\u00e7\u00e3o\nem ambientes de conflito.<\/p>\n\n\n\n<h4 class=\"wp-block-heading\">Dura\u00e7\u00e3o: 16h<\/h4>\n\n\n\n<p><strong>Mais informa\u00e7\u00f5es e turmas: <a href=\"http:\/\/www.eduardomurad.com.br\/index.php\/cursos-abertos\/negociacao-eficazes-ii-negociando-em-ambientes-de-conflito\/\">clique aqui.<\/a><\/strong><\/p>\n\n\n\n<p><\/p>\n\n\n\n<h3 class=\"wp-block-heading\">Jogos de negocia\u00e7\u00e3o<\/h3>\n\n\n\n<p>Al\u00e9m dos princ\u00edpios e teorias de\nnegocia\u00e7\u00e3o, a pr\u00e1tica \u00e9 o elemento mais importante na forma\u00e7\u00e3o de negociadores\neficazes. A experi\u00eancia pr\u00e1tica permite identificar as melhores estrat\u00e9gias de\nintelig\u00eancia emocional, temporalidade, limites da barganha, perfil competitivo.\nO curso \u00e9 totalmente pr\u00e1tico. \u00c9 constitu\u00eddo por um conjunto de din\u00e2micas de\nnegocia\u00e7\u00e3o.<\/p>\n\n\n\n<h4 class=\"wp-block-heading\">Dura\u00e7\u00e3o: 16h<\/h4>\n\n\n\n<p><strong>Mais informa\u00e7\u00f5es e turmas: <a href=\"http:\/\/www.eduardomurad.com.br\/index.php\/cursos-abertos\/jogos-de-negociacao\/\">clique aqui.<\/a><\/strong><\/p>\n","protected":false},"excerpt":{"rendered":"<p>Fastdegrees | Negocia\u00e7\u00f5es Eficazes Negocia\u00e7\u00f5es Eficazes I: do planejamento ao acordo Negociamos diariamente, seja na vida pessoal, na compra e venda de algo ou em projetos dentro da empresa em que se trabalha. O curso \u201cNegocia\u00e7\u00f5es Eficazes I: do planejamento ao acordo\u201d, permite ao aluno desenvolver suas compet\u00eancias de: argumenta\u00e7\u00e3o, an\u00e1lise contextual, determina\u00e7\u00e3o de objetivos negociais, identifica\u00e7\u00e3o de m\u00e1ximos e m\u00ednimos, an\u00e1lise do perfil de seu oponente, como lidar com obje\u00e7\u00f5es e chegar ao acordo final. Saber negociar \u00e9 uma&hellip;<\/p>\n","protected":false},"author":1,"featured_media":0,"parent":110,"menu_order":0,"comment_status":"closed","ping_status":"closed","template":"","meta":{"footnotes":""},"class_list":["post-125","page","type-page","status-publish","hentry"],"rttpg_featured_image_url":null,"rttpg_author":{"display_name":"admin","author_link":"https:\/\/www.eduardomurad.com.br\/index.php\/author\/eduardomurad\/"},"rttpg_comment":0,"rttpg_category":null,"rttpg_excerpt":"Fastdegrees | Negocia\u00e7\u00f5es Eficazes Negocia\u00e7\u00f5es Eficazes I: do planejamento ao acordo Negociamos diariamente, seja na vida pessoal, na compra e venda de algo ou em projetos dentro da empresa em que se trabalha. O curso \u201cNegocia\u00e7\u00f5es Eficazes I: do planejamento ao acordo\u201d, permite ao aluno desenvolver suas compet\u00eancias de: argumenta\u00e7\u00e3o, an\u00e1lise contextual, determina\u00e7\u00e3o de objetivos&hellip;","_links":{"self":[{"href":"https:\/\/www.eduardomurad.com.br\/index.php\/wp-json\/wp\/v2\/pages\/125","targetHints":{"allow":["GET"]}}],"collection":[{"href":"https:\/\/www.eduardomurad.com.br\/index.php\/wp-json\/wp\/v2\/pages"}],"about":[{"href":"https:\/\/www.eduardomurad.com.br\/index.php\/wp-json\/wp\/v2\/types\/page"}],"author":[{"embeddable":true,"href":"https:\/\/www.eduardomurad.com.br\/index.php\/wp-json\/wp\/v2\/users\/1"}],"replies":[{"embeddable":true,"href":"https:\/\/www.eduardomurad.com.br\/index.php\/wp-json\/wp\/v2\/comments?post=125"}],"version-history":[{"count":7,"href":"https:\/\/www.eduardomurad.com.br\/index.php\/wp-json\/wp\/v2\/pages\/125\/revisions"}],"predecessor-version":[{"id":2378,"href":"https:\/\/www.eduardomurad.com.br\/index.php\/wp-json\/wp\/v2\/pages\/125\/revisions\/2378"}],"up":[{"embeddable":true,"href":"https:\/\/www.eduardomurad.com.br\/index.php\/wp-json\/wp\/v2\/pages\/110"}],"wp:attachment":[{"href":"https:\/\/www.eduardomurad.com.br\/index.php\/wp-json\/wp\/v2\/media?parent=125"}],"curies":[{"name":"wp","href":"https:\/\/api.w.org\/{rel}","templated":true}]}}