{"id":2787,"date":"2023-06-13T21:36:43","date_gmt":"2023-06-14T00:36:43","guid":{"rendered":"http:\/\/www.eduardomurad.com.br\/?page_id=2787"},"modified":"2023-06-14T12:09:07","modified_gmt":"2023-06-14T15:09:07","slug":"oficina-criativar","status":"publish","type":"page","link":"https:\/\/www.eduardomurad.com.br\/index.php\/oficina-criativar\/","title":{"rendered":"Oficina Criativar"},"content":{"rendered":"\n<h2 class=\"wp-block-heading\"><mark style=\"background-color:rgba(0, 0, 0, 0)\" class=\"has-inline-color has-vivid-purple-color\">Oficina de Resgate e Desenvolvimento da Habilidade Criativa para a Gera\u00e7\u00e3o de Ideias e Solu\u00e7\u00f5es Fora da Linha Reta! <\/mark><\/h2>\n\n\n\n<p>\u201cA criatividade est\u00e1 no cerne de todas as grandes transforma\u00e7\u00f5es da humanidade e de todas as pequenas evolu\u00e7\u00f5es de todos n\u00f3s\u201d<\/p>\n\n\n\n<p>A&nbsp;<mark style=\"background-color:rgba(0, 0, 0, 0)\" class=\"has-inline-color has-vivid-purple-color\"><strong>Oficina<\/strong> <strong>Criativa<\/strong><\/mark>r&nbsp;\u00e9 uma jornada intensa e breve, diferente de tudo que voc\u00ea j\u00e1 viu.<\/p>\n\n\n\n<p>A oficina oferecer\u00e1 <strong><mark style=\"background-color:rgba(0, 0, 0, 0)\" class=\"has-inline-color has-vivid-purple-color\">conhecimentos<\/mark><\/strong> e <strong><mark style=\"background-color:rgba(0, 0, 0, 0)\" class=\"has-inline-color has-vivid-purple-color\">ferramentas pr\u00e1ticas<\/mark><\/strong> para que possa estimular e desenvolver continuamente a <strong><mark style=\"background-color:rgba(0, 0, 0, 0)\" class=\"has-inline-color has-vivid-purple-color\">habilidade criativa<\/mark><\/strong>, t\u00e3o requisitada e valorizada no mundo atualmente. Ela levar\u00e1 voc\u00ea por uma jornada de autoconhecimento e expans\u00e3o de mindset. Os desdobramentos e efeitos s\u00e3o aplic\u00e1veis no dia a dia, logo ap\u00f3s cada atividade.<\/p>\n\n\n\n<p>Conhe\u00e7a um pouco mais da imers\u00e3o Criativando e venha fazer parte da pr\u00f3xima turma na edi\u00e7\u00e3o que acontecer\u00e1 em <strong><mark style=\"background-color:rgba(0, 0, 0, 0)\" class=\"has-inline-color has-vivid-purple-color\">Bras\u00edlia\/DF<\/mark><\/strong>, nos dias <strong><mark style=\"background-color:rgba(0, 0, 0, 0)\" class=\"has-inline-color has-vivid-purple-color\">25, 26 de agosto de 2023<\/mark><\/strong>.<\/p>\n\n\n\n\n\n<p><\/p>\n\n\n\n<h2 class=\"wp-block-heading\"><mark style=\"background-color:rgba(0, 0, 0, 0)\" class=\"has-inline-color has-vivid-purple-color\">O Contexto: uma demanda crescente por profissionais criativos, inovadores.<\/mark><\/h2>\n\n\n\n<figure class=\"wp-block-image size-large\"><img loading=\"lazy\" decoding=\"async\" width=\"1024\" height=\"556\" src=\"http:\/\/www.eduardomurad.com.br\/wp-content\/uploads\/2023\/06\/Captura-de-Tela-2023-06-13-as-19.51.18-1024x556.png\" alt=\"\" class=\"wp-image-2790\" srcset=\"https:\/\/www.eduardomurad.com.br\/wp-content\/uploads\/2023\/06\/Captura-de-Tela-2023-06-13-as-19.51.18-1024x556.png 1024w, https:\/\/www.eduardomurad.com.br\/wp-content\/uploads\/2023\/06\/Captura-de-Tela-2023-06-13-as-19.51.18-300x163.png 300w, https:\/\/www.eduardomurad.com.br\/wp-content\/uploads\/2023\/06\/Captura-de-Tela-2023-06-13-as-19.51.18-768x417.png 768w, https:\/\/www.eduardomurad.com.br\/wp-content\/uploads\/2023\/06\/Captura-de-Tela-2023-06-13-as-19.51.18-1536x834.png 1536w, https:\/\/www.eduardomurad.com.br\/wp-content\/uploads\/2023\/06\/Captura-de-Tela-2023-06-13-as-19.51.18-600x326.png 600w, https:\/\/www.eduardomurad.com.br\/wp-content\/uploads\/2023\/06\/Captura-de-Tela-2023-06-13-as-19.51.18-214x116.png 214w, https:\/\/www.eduardomurad.com.br\/wp-content\/uploads\/2023\/06\/Captura-de-Tela-2023-06-13-as-19.51.18.png 1920w\" sizes=\"auto, (max-width: 1024px) 100vw, 1024px\" \/><\/figure>\n\n\n\n<p>O cen\u00e1rio global atual tornou a criatividade uma das habilidades mais requisitadas e valorizadas no perfil de profissionais e empreendedores de qualquer \u00e1rea. A Oficina Criativar trata o tema de forma abrangente, resgatando a criatividade inerente a todos n\u00f3s e apresentando ferramentas pr\u00e1ticas e \u00fateis no dia a dia, seja no trabalho ou na vida pessoal <\/p>\n\n\n\n<p>Se olharmos os relat\u00f3rios das grandes consultorias mundiais de neg\u00f3cios e os relat\u00f3rios do F\u00f3rum Econ\u00f4mico Mundial, poderemos entender que vivemos sob um intenso senso de urg\u00eancia perante a disrup\u00e7\u00e3o acelerada da tecnologia e da ci\u00eancia. Tamb\u00e9m podemos destacar a consci\u00eancia da imprevisibilidade. Pessoas e organiza\u00e7\u00f5es buscam novas ferramentas e compet\u00eancias que lhes habilitem para lidar com os desafios presentes e futuros com mais agilidade, flexibilidade, bem-estar e capacidade inovativa que levem a resultados efetivos.<\/p>\n\n\n\n<p>Todas as pessoas podem desenvolver o potencial criativo, abrindo espa\u00e7o para a configura\u00e7\u00e3o de um novo <em>mindset, <\/em>capaz de ampliar suas percep\u00e7\u00f5es, ideias e vis\u00f5es.<\/p>\n\n\n\n<p><strong><mark style=\"background-color:rgba(0, 0, 0, 0)\" class=\"has-inline-color has-vivid-red-color\">Vamos Criativar?<\/mark><\/strong><\/p>\n\n\n\n<p><\/p>\n\n\n\n<h2 class=\"wp-block-heading\"><mark style=\"background-color:rgba(0, 0, 0, 0)\" class=\"has-inline-color has-vivid-purple-color\">Objetivos e P\u00fablicos<\/mark><\/h2>\n\n\n\n<figure class=\"wp-block-image size-large\"><img loading=\"lazy\" decoding=\"async\" width=\"1024\" height=\"576\" src=\"http:\/\/www.eduardomurad.com.br\/wp-content\/uploads\/2023\/06\/Captura-de-Tela-2023-06-13-as-20.13.50-2-1024x576.png\" alt=\"\" class=\"wp-image-2792\" srcset=\"https:\/\/www.eduardomurad.com.br\/wp-content\/uploads\/2023\/06\/Captura-de-Tela-2023-06-13-as-20.13.50-2-1024x576.png 1024w, https:\/\/www.eduardomurad.com.br\/wp-content\/uploads\/2023\/06\/Captura-de-Tela-2023-06-13-as-20.13.50-2-300x169.png 300w, https:\/\/www.eduardomurad.com.br\/wp-content\/uploads\/2023\/06\/Captura-de-Tela-2023-06-13-as-20.13.50-2-768x432.png 768w, https:\/\/www.eduardomurad.com.br\/wp-content\/uploads\/2023\/06\/Captura-de-Tela-2023-06-13-as-20.13.50-2-1536x864.png 1536w, https:\/\/www.eduardomurad.com.br\/wp-content\/uploads\/2023\/06\/Captura-de-Tela-2023-06-13-as-20.13.50-2-600x338.png 600w, https:\/\/www.eduardomurad.com.br\/wp-content\/uploads\/2023\/06\/Captura-de-Tela-2023-06-13-as-20.13.50-2-206x116.png 206w, https:\/\/www.eduardomurad.com.br\/wp-content\/uploads\/2023\/06\/Captura-de-Tela-2023-06-13-as-20.13.50-2.png 1920w\" sizes=\"auto, (max-width: 1024px) 100vw, 1024px\" \/><\/figure>\n\n\n\n<h2 class=\"wp-block-heading\"><strong><mark style=\"background-color:rgba(0, 0, 0, 0)\" class=\"has-inline-color has-vivid-purple-color\">Objetivos Espec\u00edficos<\/mark><\/strong><\/h2>\n\n\n\n<ul class=\"wp-block-list\">\n<li>Aprender e exercitar ferramentas pr\u00e1ticas de cria\u00e7\u00e3o e de pensamento divergente.<\/li>\n\n\n\n<li>Desbloquear, reativar e expandir o potencial criativo nativo<\/li>\n\n\n\n<li>Ampliar repert\u00f3rio e aprender a expandi-lo continuamente&nbsp;<\/li>\n\n\n\n<li>Reconhecer, acolher e desconstruir a persona n\u00e3o-criativa<\/li>\n\n\n\n<li>Exercitar as sinapses criativas e reprogramar o c\u00e9rebro para o mindsetda Naturalidade Criativa<\/li>\n\n\n\n<li>Aprender e exercitar t\u00e9cnicas de Escrita Criativa, s\u00edntese, storytellinge pensamento n\u00e3o-linear<\/li>\n\n\n\n<li>Propor mudan\u00e7a de h\u00e1bitos para desenvolver continuamente o learningset criativo<\/li>\n\n\n\n<li>Sinalizar caminhos para a viv\u00eancia da nanocriatividade no dia a dia<\/li>\n\n\n\n<li>Aprender e praticar ferramentas e t\u00e9cnicas criativas para design de solu\u00e7\u00f5es profissionais e pessoais.<\/li>\n<\/ul>\n\n\n\n<p><\/p>\n\n\n\n<h2 class=\"wp-block-heading\"><strong><mark style=\"background-color:rgba(0, 0, 0, 0)\" class=\"has-inline-color has-vivid-purple-color\">Metodologia<\/mark><\/strong><\/h2>\n\n\n\n<p>A neuroci\u00eancia da criatividade \u00e9 uma das bases conceituais da <strong><mark style=\"background-color:rgba(0, 0, 0, 0)\" class=\"has-inline-color has-vivid-purple-color\">METODOLOGIA PELL<\/mark><\/strong> da <strong><mark style=\"background-color:rgba(0, 0, 0, 0)\" class=\"has-inline-color has-vivid-purple-color\">Oficina Criativar<\/mark><\/strong>, que busca estimular as quatro dimens\u00f5es da aprendizagem criativa (<strong><mark style=\"background-color:rgba(0, 0, 0, 0)\" class=\"has-inline-color has-vivid-purple-color\">Pathos, Ethos, Logos e Ludus<\/mark><\/strong>).<\/p>\n\n\n\n<p>\u00c9 pelo est\u00edmulo e exerc\u00edcio do pensamento n\u00e3o-linear, pela abertura ao novo e pela pr\u00e1tica cont\u00ednua da experimenta\u00e7\u00e3o que ampliamos nosso repert\u00f3rio e provocamos sinapses improv\u00e1veis ao senso comum.<\/p>\n\n\n\n<p>A Oficina apresenta 16horas de capacita\u00e7\u00e3o, sendo 20% expositiva, 60% pr\u00e1tica e 20% DRs<\/p>\n\n\n\n<p><\/p>\n\n\n\n<h2 class=\"wp-block-heading\"><strong><mark style=\"background-color:rgba(0, 0, 0, 0)\" class=\"has-inline-color has-vivid-purple-color\">Conte\u00fado dos M\u00f3dulos<\/mark><\/strong><\/h2>\n\n\n\n<ul class=\"wp-block-list\">\n<li>Criatividade: conceitos, mitos e tabus<\/li>\n\n\n\n<li>Olhar Cultural e est\u00edmulos<\/li>\n\n\n\n<li>M\u00faltiplas intelig\u00eancias e perfis criativos<\/li>\n\n\n\n<li>Neuroci\u00eancia da criatividade<\/li>\n\n\n\n<li>Naturalidade Criativa<\/li>\n\n\n\n<li>O que as crian\u00e7as nos ensinam<\/li>\n\n\n\n<li>Bloqueios Criativos<\/li>\n\n\n\n<li>Programa\u00e7\u00e3o neurolingu\u00edstica aplicada(PNL)<\/li>\n\n\n\n<li>Escrita criativa<\/li>\n\n\n\n<li>Storytellinge Cria\u00e7\u00e3o de personagens<\/li>\n\n\n\n<li>Estimula\u00e7\u00e3o de sinapses criativas<\/li>\n\n\n\n<li>Nanocriatividade<\/li>\n\n\n\n<li>T\u00e9cnicas e ferramentas de criatividade<\/li>\n<\/ul>\n\n\n\n<p><\/p>\n\n\n\n<p><strong><mark style=\"background-color:rgba(0, 0, 0, 0)\" class=\"has-inline-color has-vivid-red-color\">16 horas pr\u00e1ticas de Oficina<\/mark><\/strong><\/p>\n\n\n\n\n\n<p><\/p>\n\n\n\n<h2 class=\"wp-block-heading\"><mark style=\"background-color:rgba(0, 0, 0, 0)\" class=\"has-inline-color has-vivid-purple-color\">Prop\u00f3sito<\/mark><\/h2>\n\n\n\n<p>Ao final da <strong><mark style=\"background-color:rgba(0, 0, 0, 0)\" class=\"has-inline-color has-vivid-purple-color\">Oficina<\/mark><\/strong> esperamos que os alunos se apropriem de seu <strong><mark style=\"background-color:rgba(0, 0, 0, 0)\" class=\"has-inline-color has-vivid-purple-color\">potencial criativo<\/mark><\/strong>, abrindo-se para a experimenta\u00e7\u00e3o e estimulando o pensamento n\u00e3o linear para contribuir com os processos de inova\u00e7\u00e3o e transforma\u00e7\u00e3o de suas empresas, neg\u00f3cios e projetos.<\/p>\n\n\n\n<p><\/p>\n\n\n\n<h2 class=\"wp-block-heading\"><mark style=\"background-color:rgba(0, 0, 0, 0)\" class=\"has-inline-color has-vivid-purple-color\">10<\/mark> <strong><mark style=\"background-color:rgba(0, 0, 0, 0)\" class=\"has-inline-color has-vivid-purple-color\">T\u00e9cnicas e Ferramentas Principais<\/mark><\/strong><\/h2>\n\n\n\n<ul class=\"wp-block-list\">\n<li>Estruturas Libertadoras<\/li>\n\n\n\n<li>Sala de Aula Invertida<\/li>\n\n\n\n<li>Ludifica\u00e7\u00e3o<\/li>\n\n\n\n<li>Gamifica\u00e7\u00e3o<\/li>\n\n\n\n<li>Programa\u00e7\u00e3o Neurolingu\u00edstica (PNL)<\/li>\n\n\n\n<li>Mindfulness<\/li>\n\n\n\n<li>Consci\u00eancia Corporal<\/li>\n\n\n\n<li>Escrita Criativa<\/li>\n\n\n\n<li>Storytelling<\/li>\n\n\n\n<li>Proje\u00e7\u00e3o de Cen\u00e1rios<\/li>\n<\/ul>\n\n\n\n<p><\/p>\n\n\n\n<h2 class=\"wp-block-heading\"><strong><mark style=\"background-color:rgba(0, 0, 0, 0)\" class=\"has-inline-color has-vivid-purple-color\">Data e Local<\/mark><\/strong><\/h2>\n\n\n\n<ul class=\"wp-block-list\">\n<li><strong><mark style=\"background-color:rgba(0, 0, 0, 0)\" class=\"has-inline-color has-vivid-purple-color\">DATA<\/mark><\/strong>: a pr\u00f3xima edi\u00e7\u00e3o ser\u00e1 nos dias <strong><mark style=\"background-color:rgba(0, 0, 0, 0)\" class=\"has-inline-color has-vivid-purple-color\">25 e 26 de agosto<\/mark><\/strong> de 2023.<\/li>\n\n\n\n<li><strong><mark style=\"background-color:rgba(0, 0, 0, 0)\" class=\"has-inline-color has-vivid-purple-color\">LOCAL<\/mark><\/strong>: Bras\u00edlia &#8211; DF.<\/li>\n<\/ul>\n\n\n\n<p><\/p>\n\n\n\n<h2 class=\"wp-block-heading\"><strong><mark style=\"background-color:rgba(0, 0, 0, 0)\" class=\"has-inline-color has-vivid-purple-color\">Informa\u00e7\u00f5es<\/mark><\/strong><\/h2>\n\n\n\n<p>Para mais informa\u00e7\u00f5es e inscri\u00e7\u00e3o voc\u00ea deve entrar em contato com os organizadores:<\/p>\n\n\n\n<ul class=\"wp-block-list\">\n<li>Eduardo Murad: (21) 98717.1507<\/li>\n\n\n\n<li>Cris Kozovits: (61) 996760.0080<\/li>\n\n\n\n<li>contato@eduardomurad.com.br<\/li>\n<\/ul>\n\n\n\n<h2 class=\"wp-block-heading\"><mark style=\"background-color:rgba(0, 0, 0, 0)\" class=\"has-inline-color has-vivid-purple-color\">Inscri\u00e7\u00f5es<\/mark> <mark style=\"background-color:rgba(0, 0, 0, 0)\" class=\"has-inline-color has-vivid-purple-color\">e pagamentos<\/mark><\/h2>\n\n\n\n\n\n<h2 class=\"wp-block-heading\"><mark style=\"background-color:rgba(0, 0, 0, 0)\" class=\"has-inline-color has-vivid-purple-color\">Investimento<\/mark><\/h2>\n\n\n\n<p>Investimento total: <strong><mark style=\"background-color:rgba(0, 0, 0, 0)\" class=\"has-inline-color has-vivid-cyan-blue-color\">R$ 2.160,00<\/mark><\/strong>.<\/p>\n\n\n\n<p>Parcel\u00e1vel em at\u00e9 12x*, sendo <strong><mark style=\"background-color:rgba(0, 0, 0, 0)\" class=\"has-inline-color has-vivid-cyan-blue-color\">at\u00e9 3x sem juros<\/mark><\/strong> (demais parcelas com juros do PagBank)*<\/p>\n\n\n\n<p>Pagamentos em PIX: 04.091.775\/0001-70 [CNPJ]. Org\u00e2nica, Treinamento &amp; Desenvolvimento Ltda.&nbsp;<strong>Ao pagar por Pix, enviar comprovante para contato@eduardomurad.com.br.<\/strong><\/p>\n\n\n\n<p>Ao se inscrever, voc\u00ea ter\u00e1 acesso ao curso, \u00e0 uma Comunidade de Conhecimento, no WhatsApp, exclusiva para os participantes, com materiais, debates e conet\u00fados adicionais.<\/p>\n\n\n\n<p><strong><mark style=\"background-color:rgba(0, 0, 0, 0)\" class=\"has-inline-color has-vivid-cyan-blue-color\">O investimento inclui:<\/mark><\/strong><\/p>\n\n\n\n<ul class=\"wp-block-list\">\n<li><mark style=\"background-color:rgba(0, 0, 0, 0)\" class=\"has-inline-color has-vivid-cyan-blue-color\">O curso, com acesso a todo o material.<\/mark><\/li>\n\n\n\n<li><mark style=\"background-color:rgba(0, 0, 0, 0)\" class=\"has-inline-color has-vivid-cyan-blue-color\">Acesso \u00e0 Comunidade de Conhecimento.<\/mark><\/li>\n<\/ul>\n\n\n\n<p><\/p>\n\n\n\n<p><strong><mark style=\"background-color:rgba(0, 0, 0, 0)\" class=\"has-inline-color has-vivid-red-color\">Os 10 primeiros inscritos concorrerem a:<\/mark><\/strong><\/p>\n\n\n\n<ul class=\"wp-block-list\">\n<li><mark style=\"background-color:rgba(0, 0, 0, 0)\" class=\"has-inline-color has-black-color\">02 (duas) sess\u00f5es online de mentoria em Gest\u00e3o do Tempo com a especialista Cris Kozovits.<\/mark><\/li>\n\n\n\n<li><mark style=\"background-color:rgba(0, 0, 0, 0)\" class=\"has-inline-color has-black-color\">Vaga gratuita no curso de orat\u00f3ria Palco_N, ministrado pelo Eduardo Murad, com 18 horas de capacita\u00e7\u00e3o online, valor do curso: R$ 1.200,00) e in\u00edcio em 18\/07\/23.<\/mark><\/li>\n<\/ul>\n\n\n\n<p><strong><mark style=\"background-color:rgba(0, 0, 0, 0)\" class=\"has-inline-color has-vivid-red-color\">* Obs.:<\/mark><\/strong> O n\u00famero de parcelas, as taxas e demais condi\u00e7\u00f5es do parcelamento dependem da sua operadora de cart\u00e3o de cr\u00e9dito.<\/p>\n\n\n\n<p><strong><mark style=\"background-color:rgba(0, 0, 0, 0)\" class=\"has-inline-color has-vivid-purple-color\">1\u00ba LOTE<\/mark>:&nbsp;<\/strong>Inscri\u00e7\u00f5es realizadas de 13 de junho a 10 de julho de 2023<\/p>\n\n\n\n<ul class=\"wp-block-list\">\n<li>Utilize o Cupom&nbsp;<strong><mark style=\"background-color:rgba(0, 0, 0, 0)\" class=\"has-inline-color has-vivid-purple-color\">CriativarLote1<\/mark><\/strong><\/li>\n\n\n\n<li>Investimento:&nbsp;<strong><mark style=\"background-color:rgba(0, 0, 0, 0)\" class=\"has-inline-color has-vivid-purple-color\">R$<\/mark><\/strong> <strong><mark style=\"background-color:rgba(0, 0, 0, 0)\" class=\"has-inline-color has-vivid-purple-color\"><strong>1.836,00<\/strong> \u00e0 vista (15% de desconto)<\/mark><\/strong>.<\/li>\n\n\n\n<li>\u00c0 vista pelo pix: 04.091.775\/0001-70 [CNPJ], Org\u00e2nica, Treinamento &amp; Desenvolvimento Ltda.&nbsp;<strong>Ao pagar por Pix, enviar comprovante para contato@eduardomurad.com.br.<\/strong><\/li>\n\n\n\n<li>Pode ser parcelado em at\u00e9 12x no cart\u00e3o.<\/li>\n<\/ul>\n\n\n\n<p>Ao se inscrever e efetuar o pagamento voc\u00ea ser\u00e1 encaminhado para o grupo de whatsapp desta edi\u00e7\u00e3o da <strong><mark style=\"background-color:rgba(0, 0, 0, 0)\" class=\"has-inline-color has-vivid-purple-color\">Oficina Criativar<\/mark><\/strong> onde ter\u00e1 acesso a conte\u00fados exclusivos, desafios e informa\u00e7\u00f5es mais detalhadas da imers\u00e3o, conhecendo tamb\u00e9m os demais participantes que estar\u00e3o nessa jornada com a gente!<\/p>\n\n\n\n\n\n<p><\/p>\n\n\n\n<h2 class=\"wp-block-heading\"><mark style=\"background-color:rgba(0, 0, 0, 0)\" class=\"has-inline-color has-vivid-purple-color\">Facilitadores<\/mark><\/h2>\n\n\n\n<figure class=\"wp-block-image size-large\"><img loading=\"lazy\" decoding=\"async\" width=\"1024\" height=\"576\" src=\"http:\/\/www.eduardomurad.com.br\/wp-content\/uploads\/2023\/05\/Equipe-1024x576.jpeg\" alt=\"\" class=\"wp-image-2620\" srcset=\"https:\/\/www.eduardomurad.com.br\/wp-content\/uploads\/2023\/05\/Equipe-1024x576.jpeg 1024w, https:\/\/www.eduardomurad.com.br\/wp-content\/uploads\/2023\/05\/Equipe-300x169.jpeg 300w, https:\/\/www.eduardomurad.com.br\/wp-content\/uploads\/2023\/05\/Equipe-768x432.jpeg 768w, https:\/\/www.eduardomurad.com.br\/wp-content\/uploads\/2023\/05\/Equipe-600x338.jpeg 600w, https:\/\/www.eduardomurad.com.br\/wp-content\/uploads\/2023\/05\/Equipe-206x116.jpeg 206w, https:\/\/www.eduardomurad.com.br\/wp-content\/uploads\/2023\/05\/Equipe.jpeg 1280w\" sizes=\"auto, (max-width: 1024px) 100vw, 1024px\" \/><\/figure>\n\n\n\n<p><\/p>\n\n\n\n\n\n<h2 class=\"wp-block-heading\"><mark style=\"background-color:rgba(0, 0, 0, 0)\" class=\"has-inline-color has-vivid-purple-color\">Realiza\u00e7\u00e3o<\/mark><\/h2>\n\n\n\n<div class=\"wp-block-columns is-layout-flex wp-container-core-columns-is-layout-9d6595d7 wp-block-columns-is-layout-flex\">\n<div class=\"wp-block-column is-layout-flow wp-block-column-is-layout-flow\">\n<figure class=\"wp-block-image size-full is-resized\"><img loading=\"lazy\" decoding=\"async\" src=\"http:\/\/www.eduardomurad.com.br\/wp-content\/uploads\/2023\/05\/Logo-Organica-2.png\" alt=\"\" class=\"wp-image-2618\" width=\"383\" height=\"118\" srcset=\"https:\/\/www.eduardomurad.com.br\/wp-content\/uploads\/2023\/05\/Logo-Organica-2.png 689w, https:\/\/www.eduardomurad.com.br\/wp-content\/uploads\/2023\/05\/Logo-Organica-2-300x93.png 300w, https:\/\/www.eduardomurad.com.br\/wp-content\/uploads\/2023\/05\/Logo-Organica-2-600x185.png 600w, https:\/\/www.eduardomurad.com.br\/wp-content\/uploads\/2023\/05\/Logo-Organica-2-228x70.png 228w\" sizes=\"auto, (max-width: 383px) 100vw, 383px\" \/><\/figure>\n<\/div>\n\n\n\n<div class=\"wp-block-column is-layout-flow wp-block-column-is-layout-flow\">\n<figure class=\"wp-block-image size-large is-resized\"><img loading=\"lazy\" decoding=\"async\" src=\"http:\/\/www.eduardomurad.com.br\/wp-content\/uploads\/2023\/05\/logo_kozovits-2-1024x411.png\" alt=\"\" class=\"wp-image-2619\" width=\"260\" height=\"104\" srcset=\"https:\/\/www.eduardomurad.com.br\/wp-content\/uploads\/2023\/05\/logo_kozovits-2-1024x411.png 1024w, https:\/\/www.eduardomurad.com.br\/wp-content\/uploads\/2023\/05\/logo_kozovits-2-300x120.png 300w, https:\/\/www.eduardomurad.com.br\/wp-content\/uploads\/2023\/05\/logo_kozovits-2-768x308.png 768w, https:\/\/www.eduardomurad.com.br\/wp-content\/uploads\/2023\/05\/logo_kozovits-2-1536x617.png 1536w, https:\/\/www.eduardomurad.com.br\/wp-content\/uploads\/2023\/05\/logo_kozovits-2-600x241.png 600w, https:\/\/www.eduardomurad.com.br\/wp-content\/uploads\/2023\/05\/logo_kozovits-2-228x92.png 228w, https:\/\/www.eduardomurad.com.br\/wp-content\/uploads\/2023\/05\/logo_kozovits-2.png 1562w\" sizes=\"auto, (max-width: 260px) 100vw, 260px\" \/><\/figure>\n<\/div>\n<\/div>\n","protected":false},"excerpt":{"rendered":"<p>Oficina de Resgate e Desenvolvimento da Habilidade Criativa para a Gera\u00e7\u00e3o de Ideias e Solu\u00e7\u00f5es Fora da Linha Reta! \u201cA criatividade est\u00e1 no cerne de todas as grandes transforma\u00e7\u00f5es da humanidade e de todas as pequenas evolu\u00e7\u00f5es de todos n\u00f3s\u201d A&nbsp;Oficina Criativar&nbsp;\u00e9 uma jornada intensa e breve, diferente de tudo que voc\u00ea j\u00e1 viu. A oficina oferecer\u00e1 conhecimentos e ferramentas pr\u00e1ticas para que possa estimular e desenvolver continuamente a habilidade criativa, t\u00e3o requisitada e valorizada no mundo atualmente. Ela levar\u00e1&hellip;<\/p>\n","protected":false},"author":1,"featured_media":0,"parent":0,"menu_order":0,"comment_status":"closed","ping_status":"closed","template":"","meta":{"footnotes":""},"class_list":["post-2787","page","type-page","status-publish","hentry"],"rttpg_featured_image_url":null,"rttpg_author":{"display_name":"admin","author_link":"https:\/\/www.eduardomurad.com.br\/index.php\/author\/eduardomurad\/"},"rttpg_comment":0,"rttpg_category":null,"rttpg_excerpt":"Oficina de Resgate e Desenvolvimento da Habilidade Criativa para a Gera\u00e7\u00e3o de Ideias e Solu\u00e7\u00f5es Fora da Linha Reta! \u201cA criatividade est\u00e1 no cerne de todas as grandes transforma\u00e7\u00f5es da humanidade e de todas as pequenas evolu\u00e7\u00f5es de todos n\u00f3s\u201d A&nbsp;Oficina Criativar&nbsp;\u00e9 uma jornada intensa e breve, diferente de tudo que voc\u00ea j\u00e1 viu. A&hellip;","_links":{"self":[{"href":"https:\/\/www.eduardomurad.com.br\/index.php\/wp-json\/wp\/v2\/pages\/2787","targetHints":{"allow":["GET"]}}],"collection":[{"href":"https:\/\/www.eduardomurad.com.br\/index.php\/wp-json\/wp\/v2\/pages"}],"about":[{"href":"https:\/\/www.eduardomurad.com.br\/index.php\/wp-json\/wp\/v2\/types\/page"}],"author":[{"embeddable":true,"href":"https:\/\/www.eduardomurad.com.br\/index.php\/wp-json\/wp\/v2\/users\/1"}],"replies":[{"embeddable":true,"href":"https:\/\/www.eduardomurad.com.br\/index.php\/wp-json\/wp\/v2\/comments?post=2787"}],"version-history":[{"count":8,"href":"https:\/\/www.eduardomurad.com.br\/index.php\/wp-json\/wp\/v2\/pages\/2787\/revisions"}],"predecessor-version":[{"id":2801,"href":"https:\/\/www.eduardomurad.com.br\/index.php\/wp-json\/wp\/v2\/pages\/2787\/revisions\/2801"}],"wp:attachment":[{"href":"https:\/\/www.eduardomurad.com.br\/index.php\/wp-json\/wp\/v2\/media?parent=2787"}],"curies":[{"name":"wp","href":"https:\/\/api.w.org\/{rel}","templated":true}]}}